{"id":711,"date":"2019-02-04T11:51:18","date_gmt":"2019-02-04T10:51:18","guid":{"rendered":"http:\/\/jvm-events.fr\/?page_id=711"},"modified":"2020-01-29T16:37:09","modified_gmt":"2020-01-29T15:37:09","slug":"singstar","status":"publish","type":"page","link":"https:\/\/jvm-events.fr\/?page_id=711","title":{"rendered":"Singstar"},"content":{"rendered":"<p>[et_pb_section fb_built=\u00a0\u00bb1&Prime; _builder_version=\u00a0\u00bb3.22&Prime; background_color=\u00a0\u00bbrgba(12,12,12,0.65)\u00a0\u00bb background_blend=\u00a0\u00bbdarken\u00a0\u00bb background_video_mp4=\u00a0\u00bbhttps:\/\/jvm-events.fr\/wp-content\/uploads\/2019\/05\/PlayLink-SingStar-Celebration-Launch-Trailer-PS4.mp4&Prime; custom_padding=\u00a0\u00bb170px|0px|452px|0px||\u00a0\u00bb animation_style=\u00a0\u00bbflip\u00a0\u00bb][et_pb_row _builder_version=\u00a0\u00bb3.25&Prime; animation_style=\u00a0\u00bbzoom\u00a0\u00bb][et_pb_column type=\u00a0\u00bb4_4&Prime; _builder_version=\u00a0\u00bb3.25&Prime; custom_padding=\u00a0\u00bb|||\u00a0\u00bb custom_padding__hover=\u00a0\u00bb|||\u00a0\u00bb][et_pb_text _builder_version=\u00a0\u00bb3.27.4&Prime; text_font=\u00a0\u00bb||||||||\u00a0\u00bb text_font_size=\u00a0\u00bb50px\u00a0\u00bb text_letter_spacing=\u00a0\u00bb10px\u00a0\u00bb text_line_height=\u00a0\u00bb1.8em\u00a0\u00bb header_font=\u00a0\u00bb||||||||\u00a0\u00bb header_font_size=\u00a0\u00bb50px\u00a0\u00bb header_letter_spacing=\u00a0\u00bb10px\u00a0\u00bb custom_padding=\u00a0\u00bb146px|||||\u00a0\u00bb]<\/p>\n<p style=\"text-align: center;\"><span style=\"color: #ffffff;\"><b><span style=\"color: #0baac6;\">S I N G<\/span> <span style=\"color: #cc99ff;\">S T A R<\/span><\/b><\/span><\/p>\n<h3 style=\"text-align: center;\"><strong><em><span style=\"color: #ffffff;\">\u00ab\u00a0Cassons nous les cordes vocales!\u00a0\u00bb<\/span><\/em><\/strong><\/h3>\n<p>[\/et_pb_text][\/et_pb_column][\/et_pb_row][\/et_pb_section][et_pb_section fb_built=\u00a0\u00bb1&Prime; _builder_version=\u00a0\u00bb3.22&Prime; background_color=\u00a0\u00bbrgba(0,0,0,0.79)\u00a0\u00bb background_image=\u00a0\u00bbhttps:\/\/jvm-events.fr\/wp-content\/uploads\/2019\/05\/001.jpg\u00a0\u00bb background_blend=\u00a0\u00bbdarken\u00a0\u00bb custom_padding=\u00a0\u00bb60px|0px|60px|0px\u00a0\u00bb][et_pb_row _builder_version=\u00a0\u00bb3.25&Prime;][et_pb_column type=\u00a0\u00bb4_4&Prime; _builder_version=\u00a0\u00bb3.25&Prime; custom_padding=\u00a0\u00bb|||\u00a0\u00bb custom_padding__hover=\u00a0\u00bb|||\u00a0\u00bb][et_pb_text _builder_version=\u00a0\u00bb3.27.4&Prime; header_font=\u00a0\u00bb||||||||\u00a0\u00bb header_font_size=\u00a0\u00bb50px\u00a0\u00bb header_letter_spacing=\u00a0\u00bb10px\u00a0\u00bb animation_style=\u00a0\u00bbfold\u00a0\u00bb]<\/p>\n<h1 style=\"text-align: center;\"><span style=\"color: #ffffff;\"><strong><span style=\"color: #0baac6;\">Hist<\/span><span style=\"color: #cc99ff;\">oire<\/span><\/strong><\/span><\/h1>\n<p>[\/et_pb_text][\/et_pb_column][\/et_pb_row][et_pb_row column_structure=\u00a0\u00bb2_3,1_3&Prime; module_class=\u00a0\u00bb et_pb_row_fullwidth\u00a0\u00bb _builder_version=\u00a0\u00bb3.25&Prime; background_size=\u00a0\u00bbinitial\u00a0\u00bb background_position=\u00a0\u00bbtop_left\u00a0\u00bb background_repeat=\u00a0\u00bbrepeat\u00a0\u00bb width=\u00a0\u00bb89%\u00a0\u00bb width_tablet=\u00a0\u00bb80%\u00a0\u00bb width_phone=\u00a0\u00bb\u00a0\u00bb width_last_edited=\u00a0\u00bbon|desktop\u00a0\u00bb max_width=\u00a0\u00bb89%\u00a0\u00bb max_width_tablet=\u00a0\u00bb80%\u00a0\u00bb max_width_phone=\u00a0\u00bb\u00a0\u00bb max_width_last_edited=\u00a0\u00bbon|desktop\u00a0\u00bb make_fullwidth=\u00a0\u00bbon\u00a0\u00bb][et_pb_column type=\u00a0\u00bb2_3&Prime; _builder_version=\u00a0\u00bb3.25&Prime; custom_padding=\u00a0\u00bb|||\u00a0\u00bb custom_padding__hover=\u00a0\u00bb|||\u00a0\u00bb][et_pb_text _builder_version=\u00a0\u00bb4.2.2&Prime; text_font=\u00a0\u00bb||||||||\u00a0\u00bb text_font_size=\u00a0\u00bb20px\u00a0\u00bb text_line_height=\u00a0\u00bb1.5em\u00a0\u00bb hover_enabled=\u00a0\u00bb0&Prime;]<\/p>\n<div class=\"floatright\"><\/div>\n<p><span style=\"color: #ffffff;\"><i><b>SingStar<\/b><\/i>\u00a0est une\u00a0<a style=\"color: #ffffff;\" title=\"S\u00e9rie de jeux vid\u00e9o\" href=\"https:\/\/fr.wikipedia.org\/wiki\/S%C3%A9rie_de_jeux_vid%C3%A9o\">s\u00e9rie<\/a>\u00a0de\u00a0<a class=\"mw-redirect\" style=\"color: #ffffff;\" title=\"Jeux vid\u00e9o\" href=\"https:\/\/fr.wikipedia.org\/wiki\/Jeux_vid%C3%A9o\">jeux vid\u00e9o<\/a>\u00a0de\u00a0<a style=\"color: #ffffff;\" title=\"Karaok\u00e9\" href=\"https:\/\/fr.wikipedia.org\/wiki\/Karaok%C3%A9\">karaok\u00e9<\/a>\u00a0d\u00e9velopp\u00e9e par\u00a0<a class=\"mw-redirect\" style=\"color: #ffffff;\" title=\"SCE London Studio\" href=\"https:\/\/fr.wikipedia.org\/wiki\/SCE_London_Studio\">SCE London Studio<\/a>\u00a0et \u00e9dit\u00e9e par\u00a0<a class=\"mw-redirect\" style=\"color: #ffffff;\" title=\"Sony Computer Entertainment\" href=\"https:\/\/fr.wikipedia.org\/wiki\/Sony_Computer_Entertainment\">Sony Computer Entertainment<\/a>\u00a0\u00e0 partir de\u00a0<a style=\"color: #ffffff;\" title=\"2004 en jeu vid\u00e9o\" href=\"https:\/\/fr.wikipedia.org\/wiki\/2004_en_jeu_vid%C3%A9o\">2004<\/a>.<\/span><\/p>\n<p><span style=\"color: #ffffff;\">La s\u00e9rie est apparue sur la console\u00a0<a style=\"color: #ffffff;\" title=\"PlayStation 2\" href=\"https:\/\/fr.wikipedia.org\/wiki\/PlayStation_2\">PlayStation 2<\/a>\u00a0avant d&rsquo;\u00eatre adapt\u00e9e sur PlayStation 3 en 2007. Elle contient actuellement 31 volets, centr\u00e9s sur des genres musicaux ou des artistes particuliers.\u00a0<\/span><\/p>\n<p><span style=\"color: #ffffff;\">L&rsquo;arriv\u00e9e de la s\u00e9rie sur\u00a0<a style=\"color: #ffffff;\" title=\"PlayStation 3\" href=\"https:\/\/fr.wikipedia.org\/wiki\/PlayStation_3\">PlayStation 3<\/a>\u00a0s&rsquo;accompagne de nouvelles fonctionnalit\u00e9s en ligne gr\u00e2ce \u00e0 la connectivit\u00e9 au\u00a0<a style=\"color: #ffffff;\" title=\"PlayStation Network\" href=\"https:\/\/fr.wikipedia.org\/wiki\/PlayStation_Network\">PlayStation Network<\/a>. Des chansons et leur clips sont disponibles sur le SingStore, une boutique en ligne qui, sur le mod\u00e8le d&rsquo;<a style=\"color: #ffffff;\" title=\"ITunes\" href=\"https:\/\/fr.wikipedia.org\/wiki\/ITunes\">iTunes<\/a>, permet d&rsquo;acheter les titres \u00e0 l&rsquo;unit\u00e9\u00a0 pour constituer sa propre\u00a0<a style=\"color: #ffffff;\" title=\"Liste de lecture\" href=\"https:\/\/fr.wikipedia.org\/wiki\/Liste_de_lecture\">liste de lecture<\/a>. Il est possible de filmer ses prestations avec la cam\u00e9ra\u00a0<a style=\"color: #ffffff;\" title=\"PlayStation Eye\" href=\"https:\/\/fr.wikipedia.org\/wiki\/PlayStation_Eye\">PlayStation Eye<\/a>\u00a0et de transf\u00e9rer les vid\u00e9os sur l&rsquo;espace communautaire My Singstar Online. SingStar Viewer est une application gratuite qui permet de consulter l&rsquo;espace communautaire et la boutique sans poss\u00e9der le jeu.<\/span><\/p>\n<p><span style=\"color: #ffffff;\">Il existe des clones de\u00a0<i>SingStar<\/i>\u00a0sur\u00a0<a style=\"color: #ffffff;\" title=\"Compatible PC\" href=\"https:\/\/fr.wikipedia.org\/wiki\/Compatible_PC\">PC<\/a>\u00a0(Linux, Windows) tels que\u00a0<a style=\"color: #ffffff;\" title=\"UltraStar\" href=\"https:\/\/fr.wikipedia.org\/wiki\/UltraStar\">UltraStar<\/a>,\u00a0<a class=\"mw-redirect\" style=\"color: #ffffff;\" title=\"Performous\" href=\"https:\/\/fr.wikipedia.org\/wiki\/Performous\">Performous<\/a>, Sinatra et Canta.<\/span><\/p>\n<p>[\/et_pb_text][\/et_pb_column][et_pb_column type=\u00a0\u00bb1_3&Prime; _builder_version=\u00a0\u00bb3.25&Prime; custom_padding=\u00a0\u00bb|||\u00a0\u00bb custom_padding__hover=\u00a0\u00bb|||\u00a0\u00bb][et_pb_image align_tablet=\u00a0\u00bbcenter\u00a0\u00bb align_phone=\u00a0\u00bb\u00a0\u00bb align_last_edited=\u00a0\u00bbon|desktop\u00a0\u00bb _builder_version=\u00a0\u00bb3.23&Prime; custom_margin=\u00a0\u00bb||-4px|||\u00a0\u00bb][\/et_pb_image][et_pb_image src=\u00a0\u00bbhttp:\/\/jvm-events.fr\/wp-content\/uploads\/2019\/02\/13661908_1049588915129615_6564281968301296440_o.jpg\u00a0\u00bb align_tablet=\u00a0\u00bbcenter\u00a0\u00bb align_phone=\u00a0\u00bb\u00a0\u00bb align_last_edited=\u00a0\u00bbon|desktop\u00a0\u00bb _builder_version=\u00a0\u00bb3.23&Prime; animation_style=\u00a0\u00bbflip\u00a0\u00bb border_width_all=\u00a0\u00bb5px\u00a0\u00bb][\/et_pb_image][\/et_pb_column][\/et_pb_row][\/et_pb_section][et_pb_section fb_built=\u00a0\u00bb1&Prime; _builder_version=\u00a0\u00bb3.22&Prime; background_color=\u00a0\u00bbrgba(0,0,0,0.79)\u00a0\u00bb background_image=\u00a0\u00bbhttps:\/\/jvm-events.fr\/wp-content\/uploads\/2019\/05\/Test-SingStar-Celebration-le-chant-triste-de-la-sir\u00e8ne-_singstar-celebrations-screen-07-ps4-eu-05sep17.jpg\u00a0\u00bb background_blend=\u00a0\u00bbdarken\u00a0\u00bb custom_padding=\u00a0\u00bb60px|0px|57px|0px\u00a0\u00bb][et_pb_row _builder_version=\u00a0\u00bb3.25&Prime; animation_style=\u00a0\u00bbfold\u00a0\u00bb][et_pb_column type=\u00a0\u00bb4_4&Prime; _builder_version=\u00a0\u00bb3.25&Prime; custom_padding=\u00a0\u00bb|||\u00a0\u00bb custom_padding__hover=\u00a0\u00bb|||\u00a0\u00bb][et_pb_text _builder_version=\u00a0\u00bb3.27.4&Prime; header_font=\u00a0\u00bb||||||||\u00a0\u00bb header_font_size=\u00a0\u00bb50px\u00a0\u00bb header_letter_spacing=\u00a0\u00bb10px\u00a0\u00bb]<\/p>\n<h1 style=\"text-align: center;\"><span style=\"color: #ffffff;\"><strong><span style=\"color: #0baac6;\">Game<span style=\"color: #cc99ff;\">play<\/span><\/span><\/strong><\/span><\/h1>\n<p>[\/et_pb_text][\/et_pb_column][\/et_pb_row][et_pb_row column_structure=\u00a0\u00bb1_3,2_3&Prime; module_class=\u00a0\u00bb et_pb_row_fullwidth\u00a0\u00bb _builder_version=\u00a0\u00bb3.25&Prime; width=\u00a0\u00bb89%\u00a0\u00bb width_tablet=\u00a0\u00bb80%\u00a0\u00bb width_phone=\u00a0\u00bb\u00a0\u00bb width_last_edited=\u00a0\u00bbon|desktop\u00a0\u00bb max_width=\u00a0\u00bb89%\u00a0\u00bb max_width_tablet=\u00a0\u00bb80%\u00a0\u00bb max_width_phone=\u00a0\u00bb\u00a0\u00bb max_width_last_edited=\u00a0\u00bbon|desktop\u00a0\u00bb make_fullwidth=\u00a0\u00bbon\u00a0\u00bb][et_pb_column type=\u00a0\u00bb1_3&Prime; _builder_version=\u00a0\u00bb3.25&Prime; custom_padding=\u00a0\u00bb|||\u00a0\u00bb custom_padding__hover=\u00a0\u00bb|||\u00a0\u00bb][et_pb_image src=\u00a0\u00bbhttp:\/\/jvm-events.fr\/wp-content\/uploads\/2019\/02\/10658710_830459707042538_1245364331765636566_o.jpg\u00a0\u00bb align_tablet=\u00a0\u00bbcenter\u00a0\u00bb align_phone=\u00a0\u00bb\u00a0\u00bb align_last_edited=\u00a0\u00bbon|desktop\u00a0\u00bb _builder_version=\u00a0\u00bb3.23&Prime; animation_style=\u00a0\u00bbfold\u00a0\u00bb border_width_all=\u00a0\u00bb10px\u00a0\u00bb border_color_all=\u00a0\u00bbrgba(255,255,255,0.1)\u00a0\u00bb][\/et_pb_image][\/et_pb_column][et_pb_column type=\u00a0\u00bb2_3&Prime; _builder_version=\u00a0\u00bb3.25&Prime; custom_padding=\u00a0\u00bb|||\u00a0\u00bb custom_padding__hover=\u00a0\u00bb|||\u00a0\u00bb][et_pb_text _builder_version=\u00a0\u00bb4.2.2&Prime; text_font=\u00a0\u00bb||||||||\u00a0\u00bb text_font_size=\u00a0\u00bb20px\u00a0\u00bb text_line_height=\u00a0\u00bb1.5em\u00a0\u00bb custom_padding=\u00a0\u00bb51px|||||\u00a0\u00bb hover_enabled=\u00a0\u00bb0&Prime;]<span style=\"color: #ffffff;\">L&rsquo;id\u00e9e est de transformer un karaok\u00e9 en jeu vid\u00e9o, en faisant s&rsquo;affronter deux adversaires. Par\u00e9s de microphones, les joueurs chantent le titre, o\u00f9 les paroles et la musique d\u00e9filent \u00e0 l&rsquo;\u00e9cran, avec souvent une vid\u00e9o en arri\u00e8re-plan. Des lignes horizontales sont repr\u00e9sent\u00e9es avec des blocs, correspondant \u00e0 la tonalit\u00e9 de la chanson. Un marqueur montre en temps r\u00e9el la tonalit\u00e9 de sa propre voix, le but est de faire correspondre au maximum ces marqueurs en chantant le plus justement possible, afin d&rsquo;enregistrer le maximum de points.<\/span><br \/>\n[\/et_pb_text][\/et_pb_column][\/et_pb_row][\/et_pb_section][et_pb_section fb_built=\u00a0\u00bb1&Prime; _builder_version=\u00a0\u00bb3.22&Prime; background_color=\u00a0\u00bbrgba(0,0,0,0.81)\u00a0\u00bb background_image=\u00a0\u00bbhttps:\/\/jvm-events.fr\/wp-content\/uploads\/2019\/05\/SingStar-Celebration-3.jpg\u00a0\u00bb background_blend=\u00a0\u00bbdarken\u00a0\u00bb custom_padding=\u00a0\u00bb60px|0px|8px|0px||\u00a0\u00bb][et_pb_row _builder_version=\u00a0\u00bb3.25&Prime; animation_style=\u00a0\u00bbfold\u00a0\u00bb][et_pb_column type=\u00a0\u00bb4_4&Prime; _builder_version=\u00a0\u00bb3.25&Prime; custom_padding=\u00a0\u00bb|||\u00a0\u00bb custom_padding__hover=\u00a0\u00bb|||\u00a0\u00bb][et_pb_text _builder_version=\u00a0\u00bb3.27.4&Prime; header_font=\u00a0\u00bb||||||||\u00a0\u00bb header_font_size=\u00a0\u00bb50px\u00a0\u00bb header_letter_spacing=\u00a0\u00bb10px\u00a0\u00bb]<\/p>\n<h1 style=\"text-align: center;\"><span style=\"color: #ffffff;\"><strong><span style=\"color: #cc99ff;\"><span style=\"color: #0baac6;\">ME<\/span>DIA<\/span><\/strong><\/span><\/h1>\n<p>[\/et_pb_text][et_pb_video src=\u00a0\u00bbhttp:\/\/jvm-events.fr\/wp-content\/uploads\/2019\/02\/11216893_10206653031981931_2029419288_n.mp4&Prime; _builder_version=\u00a0\u00bb3.0.98&Prime; border_width_all=\u00a0\u00bb7px\u00a0\u00bb][\/et_pb_video][\/et_pb_column][\/et_pb_row][\/et_pb_section]<\/p>\n","protected":false},"excerpt":{"rendered":"<p>S I N G S T A R \u00ab\u00a0Cassons nous les cordes vocales!\u00a0\u00bbHistoire SingStar\u00a0est une\u00a0s\u00e9rie\u00a0de\u00a0jeux vid\u00e9o\u00a0de\u00a0karaok\u00e9\u00a0d\u00e9velopp\u00e9e par\u00a0SCE London Studio\u00a0et \u00e9dit\u00e9e par\u00a0Sony Computer Entertainment\u00a0\u00e0 partir de\u00a02004. La s\u00e9rie est apparue sur la console\u00a0PlayStation 2\u00a0avant d&rsquo;\u00eatre adapt\u00e9e sur PlayStation 3 en 2007. Elle contient actuellement 31 volets, centr\u00e9s sur des genres musicaux ou des artistes particuliers.\u00a0 L&rsquo;arriv\u00e9e [&hellip;]<\/p>\n","protected":false},"author":4,"featured_media":0,"parent":126,"menu_order":0,"comment_status":"closed","ping_status":"closed","template":"","meta":{"_et_pb_use_builder":"on","_et_pb_old_content":"","_et_gb_content_width":"","footnotes":""},"class_list":["post-711","page","type-page","status-publish","hentry"],"_links":{"self":[{"href":"https:\/\/jvm-events.fr\/index.php?rest_route=\/wp\/v2\/pages\/711","targetHints":{"allow":["GET"]}}],"collection":[{"href":"https:\/\/jvm-events.fr\/index.php?rest_route=\/wp\/v2\/pages"}],"about":[{"href":"https:\/\/jvm-events.fr\/index.php?rest_route=\/wp\/v2\/types\/page"}],"author":[{"embeddable":true,"href":"https:\/\/jvm-events.fr\/index.php?rest_route=\/wp\/v2\/users\/4"}],"replies":[{"embeddable":true,"href":"https:\/\/jvm-events.fr\/index.php?rest_route=%2Fwp%2Fv2%2Fcomments&post=711"}],"version-history":[{"count":12,"href":"https:\/\/jvm-events.fr\/index.php?rest_route=\/wp\/v2\/pages\/711\/revisions"}],"predecessor-version":[{"id":1081,"href":"https:\/\/jvm-events.fr\/index.php?rest_route=\/wp\/v2\/pages\/711\/revisions\/1081"}],"up":[{"embeddable":true,"href":"https:\/\/jvm-events.fr\/index.php?rest_route=\/wp\/v2\/pages\/126"}],"wp:attachment":[{"href":"https:\/\/jvm-events.fr\/index.php?rest_route=%2Fwp%2Fv2%2Fmedia&parent=711"}],"curies":[{"name":"wp","href":"https:\/\/api.w.org\/{rel}","templated":true}]}}